{"id":2,"date":"2014-05-11T21:17:52","date_gmt":"2014-05-11T21:17:52","guid":{"rendered":"http:\/\/www.luspholmen.se\/umander\/?page_id=2"},"modified":"2014-05-11T23:39:39","modified_gmt":"2014-05-11T21:39:39","slug":"start","status":"publish","type":"page","link":"https:\/\/www.luspholmen.se\/umander\/","title":{"rendered":""},"content":{"rendered":"<p><a href=\"http:\/\/www.luspholmen.se\/wp-content\/uploads\/2013\/08\/huset.jpg\"><img loading=\"lazy\" decoding=\"async\" class=\"alignnone size-medium wp-image-29\" src=\"http:\/\/www.luspholmen.se\/wp-content\/uploads\/2013\/08\/huset-300x235.jpg\" alt=\"huset\" width=\"300\" height=\"235\" \/><\/a><\/p>\n<p>H\u00e4r kommer information att finnas kring familjen Umander.<\/p>\n<p>&nbsp;<\/p>\n<p><a href=\"http:\/\/www.luspholmen.se\/wp-content\/uploads\/2013\/08\/Lillstugutomta.jpg\"><img loading=\"lazy\" decoding=\"async\" class=\"alignnone size-medium wp-image-25\" src=\"http:\/\/www.luspholmen.se\/wp-content\/uploads\/2013\/08\/Lillstugutomta-300x234.jpg\" alt=\"Lillstugutomta\" width=\"300\" height=\"234\" \/><\/a><\/p>\n<p>Utsikt fr\u00e5n huset med lillstugutomta n\u00e4rmast och vy ner mot b\u00e5thuset vid stranden.<\/p>\n<p>&nbsp;<\/p>\n<p><a href=\"http:\/\/www.luspholmen.se\/wp-content\/uploads\/2013\/08\/0128.jpg\"><img loading=\"lazy\" decoding=\"async\" class=\"alignnone size-medium wp-image-36\" src=\"http:\/\/www.luspholmen.se\/wp-content\/uploads\/2013\/08\/0128-295x300.jpg\" alt=\"Vy fr\u00e5n taket\" width=\"295\" height=\"300\" \/><\/a><\/p>\n<p>Vy fr\u00e5n hustaket mot Gran\u00e5n.<\/p>\n<p>&nbsp;<\/p>\n<p>&nbsp;<\/p>\n<p>&nbsp;<\/p>\n<p>&nbsp;<\/p>\n","protected":false},"excerpt":{"rendered":"<p>H\u00e4r kommer information att finnas kring familjen Umander. &nbsp; Utsikt fr\u00e5n huset med lillstugutomta n\u00e4rmast och vy ner mot b\u00e5thuset vid stranden. &nbsp; Vy fr\u00e5n hustaket mot Gran\u00e5n. &nbsp; &nbsp; &nbsp; &nbsp;<\/p>\n","protected":false},"author":2,"featured_media":0,"parent":0,"menu_order":0,"comment_status":"open","ping_status":"open","template":"","meta":{"footnotes":""},"_links":{"self":[{"href":"https:\/\/www.luspholmen.se\/umander\/wp-json\/wp\/v2\/pages\/2"}],"collection":[{"href":"https:\/\/www.luspholmen.se\/umander\/wp-json\/wp\/v2\/pages"}],"about":[{"href":"https:\/\/www.luspholmen.se\/umander\/wp-json\/wp\/v2\/types\/page"}],"author":[{"embeddable":true,"href":"https:\/\/www.luspholmen.se\/umander\/wp-json\/wp\/v2\/users\/2"}],"replies":[{"embeddable":true,"href":"https:\/\/www.luspholmen.se\/umander\/wp-json\/wp\/v2\/comments?post=2"}],"version-history":[{"count":2,"href":"https:\/\/www.luspholmen.se\/umander\/wp-json\/wp\/v2\/pages\/2\/revisions"}],"predecessor-version":[{"id":6,"href":"https:\/\/www.luspholmen.se\/umander\/wp-json\/wp\/v2\/pages\/2\/revisions\/6"}],"wp:attachment":[{"href":"https:\/\/www.luspholmen.se\/umander\/wp-json\/wp\/v2\/media?parent=2"}],"curies":[{"name":"wp","href":"https:\/\/api.w.org\/{rel}","templated":true}]}}